t common divisor of 75 and w.
15
Let a(y) = 35*y**2 + y + 1. Let f be a(-1). Let g = 20 - 20. Let m be -1*(-10)/(2 - g). What is the greatest common divisor of m and f?
5
Let p be 3 - (2 - 2 - 0). Calculate the greatest common factor of p and 24.
3
Let v = -11 - -16. Calculate the greatest common divisor of v and 10.
5
Let q be 2/5 - (-135)/(-25). Let x(i) = -25*i + 7. Let k be x(q). Calculate the highest common divisor of k and 12.
12
Let j = 3 + 3. Let s be 0/2 - (-3 - -1). Suppose 0 = -s*z - 2*z + 24. What is the greatest common divisor of z and j?
6
Suppose -32 = -o - 2*f, 4*o - 3*f = 3*o + 22. Let j = -42 - -56. Calculate the greatest common factor of o and j.
14
Suppose 6 = -3*v, -3*g = 2*v - 2 - 18. Let j(b) = -3*b - 6 - 2*b - 4*b - b**3 - g*b**2. Let u be j(-7). Calculate the highest common divisor of u and 40.
8
Suppose 2*n = 16 - 14. Calculate the highest common factor of 2 and n.
1
Let a be 224/12 + (-4)/6. Let m = 16 - 13. Suppose m*y - 10 - 8 = -4*o, -11 = -4*y - o. What is the highest common divisor of y and a?
2
Let i be 2 + (-4)/((-8)/2). Suppose -5 - 1 = -i*u. Calculate the greatest common divisor of u and 8.
2
Suppose 3*z - 40 - 5 = 0. What is the highest common factor of 6 and z?
3
Let u be 2 - (3 - 0) - -36. Let c be u - -5 - (1 - -1). Calculate the highest common divisor of 57 and c.
19
Let q(s) = 207*s - 1. Let f be q(1). Let r = f - 94. What is the greatest common factor of r and 14?
14
Suppose 135 = 35*c - 26*c. Suppose t = -t + 210. Calculate the highest common factor of t and c.
15
Let q(c) = -c + 10. Let o be q(6). Suppose o*k = 97 + 99. What is the greatest common factor of k and 7?
7
Suppose 4 - 7 = -u. Let k = u - -1. Suppose -40 = -4*f - 0*f. What is the greatest common divisor of k and f?
2
Suppose 48 = 2*i - 36. What is the highest common divisor of 6 and i?
6
Let w be 3*(-40)/6*-1. Let o be 18/(-3)*(-2)/3. What is the highest common divisor of w and o?
4
Let x be (132/(-15))/((-1)/5). What is the highest common divisor of x and 11?
11
Suppose 0 = -3*i - 0*i - 6. Let q be (-125 + -1)*5/i. Suppose 5*p = -0*p + q. Calculate the highest common divisor of p and 42.
21
Let c be 1 + 0 + (-440)/(-8). Suppose i = -i + c. Calculate the highest common factor of 4 and i.
4
Let d(i) = 3*i**2 - i - 7. Let k be d(5). Calculate the highest common divisor of 21 and k.
21
Let s = 9 - 5. Let a(y) = y. Let j be a(10). What is the greatest common divisor of s and j?
2
Let z(w) = 2*w**2 - 5*w + 3. Let f be z(3). Let y(x) = -x**3 + 6*x**2 + 7*x + 6. Let q be y(7). What is the greatest common divisor of f and q?
6
Suppose -6*m + 3*m = -180. Suppose -64 = 5*l - 3*w - 169, -86 = -4*l + 2*w. What is the highest common factor of m and l?
12
Let i be 602/10 - 4/20. Suppose -26 = -3*v + 5*r, -3*r = -5*r + 4. Calculate the greatest common divisor of i and v.
12
Suppose 0*p + 42 = 3*p. Suppose -21 + 7 = -q. What is the greatest common factor of p and q?
14
Suppose -o + 3*q - 5*q = -52, 0 = o - q - 37. Suppose 0 = t + 3*c + 11 - 25, -51 = -5*t + 4*c. Let p = t + 3. What is the highest common divisor of p and o?
14
Let r be (0 + -1)*(4 - 0 - 7). What is the highest common factor of 6 and r?
3
Let f = 189 + -173. Let n = -7 + 11. What is the greatest common divisor of n and f?
4
Suppose 4*t = 4*l - 9*l + 392, 3*l = -4*t + 384. Calculate the greatest common divisor of 62 and t.
31
Let q be 5*-5*(-15)/125. Suppose 0 - 4 = -y, -3*y = k - 15. What is the greatest common divisor of q and k?
3
Suppose 6*o - 32 = 2*o. Let n = -3 + 5. Suppose 0 = -u + n*u - 2. What is the greatest common divisor of o and u?
2
Let p be (-141)/(-2 + -1) - (-4)/(-2). What is the highest common divisor of p and 60?
15
Let m(f) = 2*f**2 + 14*f - 7. Let s be m(-8). Calculate the greatest common divisor of 81 and s.
9
Suppose 12 = w + 3*w, 0 = 3*d + 2*w. Let m be -1 - (-314)/(-4)*d. Let c = m + -111. What is the highest common divisor of c and 9?
9
Let i(d) = -3*d + 20. Let x be i(0). Calculate the highest common factor of 20 and x.
20
Let c = 14 - 14. Suppose 0 = 4*d - 5*q - 53, 2*d + c = -2*q + 4. What is the highest common factor of 56 and d?
7
Suppose o = 6*o - 330. Suppose -8*i + o = -7*i. Calculate the highest common factor of i and 6.
6
Let d be -2*(-12 - (1 - 4)). Calculate the highest common divisor of 27 and d.
9
Suppose -5 = -3*u - 3*v + 40, -u = -2*v. Suppose 4*r + 2 - u = 0. Suppose 3*s + 24 = 2*o, s - 3*s = -r*o + 28. What is the greatest common divisor of 126 and o?
18
Let o = -4 + 4. Suppose -j + 3*l = 1, -j - l + 6 + 5 = o. Calculate the greatest common factor of 20 and j.
4
Let g be 9/(-4)*-2*2. Suppose 4*t + g = 29. Let n = 24 + -4. What is the highest common factor of t and n?
5
Let h(j) be the second derivative of j**3/3 - 9*j**2/2 - 4*j. Let o be h(6). Calculate the greatest common factor of o and 9.
3
Let i be (-3)/6 + 22/4. Suppose 3*h - 2*v - 15 = 0, -i*h = -3*v - 7 - 19. Calculate the highest common factor of 77 and h.
7
Suppose -80 = 5*p - 310. What is the greatest common factor of p and 23?
23
Let v be (51/6 + 3)*-2. Suppose -k = 4*n - 20, k = -2*n - n + 18. Let s be (-9)/k - v/4. Calculate the greatest common factor of s and 10.
5
Let d be (-3)/1 + (-1524)/(-4). What is the greatest common factor of 42 and d?
42
Let k(u) = u**2 + 2*u + 2. Let a be k(-2). Suppose 0*s - a = -2*s. Calculate the greatest common factor of 7 and s.
1
Suppose 5*c = -0*c + 60. Let p = -95 + 57. Let w = p + 68. Calculate the greatest common factor of w and c.
6
Let y = 12 + 10. What is the highest common divisor of y and 88?
22
Let g be -2 + (-7)/((-21)/(-18)). Let j = g + 10. Suppose q = -5*t + 1 - 2, -2*q + 19 = 3*t. What is the greatest common factor of q and j?
2
Suppose -5*x = 5*v - 15, -3*v + 3*x + 2*x + 9 = 0. Let z = 3 + v. Suppose -k - 5*a = -11, -1 + 17 = 2*k + 4*a. What is the highest common factor of k and z?
6
Let f be (47/(-2))/((-6)/36). Let d = f + -85. Let t be (-2)/(-8) + 55/4. Calculate the greatest common factor of t and d.
14
Let q(t) = 7*t - 40. Let x be q(16). What is the highest common divisor of x and 8?
8
Let i be ((-2 - -1)/((-5)/50))/1. What is the highest common factor of i and 70?
10
Let m be 2 + 442 + (1 - 3). Suppose -4*o + 2*j + m = -0*j, 4*o = j + 441. Calculate the greatest common factor of 22 and o.
22
Let o be (-3)/(-2)*(16 + -2). Let t = 41 - 27. Let d be (-94)/(-14) + 4/t. Calculate the highest common factor of o and d.
7
Suppose 0 = -x - 4*v + 28, 23 = 5*x + 5*v - 87. Suppose -2*h = 3 + 1. Let g be (20/h)/(2/(-2)). What is the highest common divisor of g and x?
10
Suppose 5*r - 3*r - 28 = 0. Let u = 53 + -51. Calculate the highest common factor of u and r.
2
Let q be 6/(-27) - 110/(-9). Calculate the highest common factor of 18 and q.
6
Let t be ((-4 - 0) + 2)*-10. What is the highest common divisor of 30 and t?
10
Suppose 2*m + 4*q + 18 = 5*m, 4*m - 2*q = 24. Let h = -1 + m. What is the greatest common factor of 1 and h?
1
Let c = 22 - -5. Let w = c + -15. What is the highest common divisor of 84 and w?
12
Let n be (-216)/(-6)*2*(-5)/(-3). Calculate the greatest common divisor of n and 15.
15
Let k(m) = 3*m**2 - 2*m - 1. Let o be k(3). Calculate the greatest common divisor of o and 5.
5
Let q = 180 - 81. What is the greatest common factor of q and 22?
11
Let j be ((-21)/(-3))/((-3)/(-3)). Suppose j*g - 560 = 2*g. Calculate the greatest common divisor of 14 and g.
14
Let o = -17 - -23. Suppose -25 = -5*x, -3*p + x = -o - 16. Suppose 2*c + 297 = 5*c. What is the highest common factor of c and p?
9
Suppose 5*v = w + 525, 2*v - 3*w = -v + 315. Calculate the highest common factor of v and 42.
21
Let l be (-12)/(-10)*10*(-1)/(-2). What is the greatest common divisor of l and 15?
3
Let f be 1/(-1)*3*2. Let y be (16/10)/(f/(-45)). What is the greatest common divisor of y and 96?
12
Let f = -20 - -36. Calculate the greatest common factor of 40 and f.
8
Suppose 38 = 3*w - 3*k - 364, 5*w - 656 = -2*k. What is the highest common factor of 12 and w?
12
Let q be 4/22 + (-62)/(-22). Suppose -q*w = -5*b - 242, -4*w + 4*b + 29 + 299 = 0. Suppose -5*m + 50 = -10. Calculate the highest common divisor of m and w.
12
Suppose m = -0*z + z - 27, 5*z + 2*m - 121 = 0. Suppose 7*a = 2*a + z. Let p = 0 + 15. What is the greatest common divisor of p and a